e m(p).
-2
Let t(z) = z + z**2 + 0*z + 2*z + 2. Let o be t(-2). Let p(x) = -3 - 4*x + o*x**2 - x**2 - 3*x. Give p(-4).
9
Suppose -4*a = -5*n - 28, 3*n + 10 = a + n. Let x(z) = 4*z - 8*z**2 + a*z**2 + 5*z**2. Determine x(5).
-5
Let l be (-3 + 1 - -3) + -2. Let r be (-1 + l)/(1/2). Let w(g) = -5*g**2 + 3*g + 4. Let f(i) = i**2 - i - 1. Let k(n) = 9*f(n) + 2*w(n). What is k(r)?
-5
Let m = 33 + -39. Let p(h) = -h**2 - 8*h - 8. What is p(m)?
4
Let w(u) = u + 4. Let f be w(-2). Let n(z) be the third derivative of -1/12*z**5 + f*z**2 + 0*z + 5/6*z**3 - 1/6*z**4 - 1/120*z**6 + 0. Give n(-4).
5
Let c = 3 - 2. Let n(w) = -3*w**2 + 3*w + w**3 + 1 - c. Let m be n(2). Let r(x) = -2*x**2 + x + 1. What is r(m)?
-5
Let b(p) = -2*p**2 - p - 4. Let h(k) = -k**2 - k - 3. Let a(c) = -2*b(c) + 3*h(c). Let j = -3 - -2. Calculate a(j).
1
Let u(r) be the third derivative of -1/120*r**6 + r**2 + 0*r + 3/2*r**3 - 1/10*r**5 + 0 + 1/12*r**4. Let f(z) = -5*z - 1. Let a be f(1). Give u(a).
-3
Let d(x) = x**2 - 3*x - 4. Let p = 1 - -3. Suppose a + 3*a - 8 = p*q, 2*q = -4. Let g(t) = t**2 + t + 5. Let c be g(a). Give d(c).
6
Let p(m) = -m**3 - m**2 - m + 8. Let n be (-7)/2 - 1/(-2). Let t be (-1)/1*(10 - 10). Let c be t/3*3/n. Calculate p(c).
8
Let l(c) = 14*c + 20. Let h(t) = -5*t - 7. Let v(y) = -11*h(y) - 4*l(y). Determine v(-3).
0
Let m(z) = z**3 + 4*z**2 + 2*z + 6. Let t be (-2)/2*(-4 - -8). Calculate m(t).
-2
Let b(n) = -5*n + 1 + 6*n - 11*n**3 + 10*n**3. Give b(0).
1
Let f = 4 - 15. Suppose i + 4 = 2*m, 0*i - i - 11 = 5*m. Let w = i - f. Let k(l) = l**3 - 4*l**2 - 3*l - 5. Calculate k(w).
5
Let o(g) = -g**2 + 3*g. Let l be 16/(-24)*2*-3. Suppose 20 = l*y + 4. What is o(y)?
-4
Let t(k) = -k**3 - k**2 - k + 1. Let s(b) = -5*b**3 - 10*b**2 - 10*b + 9. Let z(m) = s(m) - 6*t(m). Let f = 13 + -9. Give z(f).
-13
Let d(l) = -l**2 - 3*l**3 - l**3 - 7*l**3. Calculate d(-1).
10
Let u(n) = 4 - 5*n**2 - 9*n - 3*n**2 - 1 + 1 + n**3. Give u(9).
4
Let h(f) = 2*f - 12. Let l(v) = v - 2. Let y(i) = -h(i) + 3*l(i). Suppose 0 = -b + 4 - 9. What is y(b)?
1
Let a = 7 - 7. Let f(v) = v - 1 + 3 - 7. Let g be f(a). Let y(x) = x**3 + 6*x**2 + 4*x + 1. Calculate y(g).
6
Let y be 9/(-4)*16/(-6). Let k(h) = 6*h + 7*h - 12*h + y*h. Calculate k(1).
7
Let l(i) = -i**2 + 6*i + 4. Let b(h) = -h - 4. Let k be b(-9). Let a be ((-2)/k)/(1/15). Let s be (-68)/(-11) + a/33. Give l(s).
4
Let o(w) = 2*w**2 + 7*w + 2. Let z(l) = -l**2 - 4*l - 1. Let i(m) = 2*o(m) + 5*z(m). Suppose 0*s + 25 = -5*s. Give i(s).
4
Let i(b) be the first derivative of b**3/6 - 9*b**2/2 + 2*b - 5. Let c(d) be the first derivative of i(d). Give c(0).
-9
Let k(n) = -n. Suppose 3*s - 3 - 3 = 0. Let f = 0 + s. Suppose 1 = -f*p - 5. Give k(p).
3
Let w be 228/(-28) - 8/(-56). Let r(b) = b**3 + 7*b**2 - 7*b + 1. Calculate r(w).
-7
Let f(h) = -h - 3. Let x be (1 - -5)*(1 + -2). Let d = -12 - x. Give f(d).
3
Suppose 0 = -2*y + 5*n - 25, 0*y - n + 5 = 4*y. Suppose 0*a - 3*a + 3 = y. Let t(o) = -o - 1. Calculate t(a).
-2
Let j(u) = -u**3 + 3*u - 1. Suppose y + 35 = 5*l - 4*y, -y + 5 = 5*l. What is j(l)?
-3
Let s(n) = -6*n**2 + 7*n**2 - n + 2*n. Suppose 5*g = 2*b - 13, 5*g = 3*b - 7 - 10. What is s(g)?
0
Let i(d) be the third derivative of d**4/8 - 5*d**3/6 + 5*d**2. Suppose 0 = h + h - 8. Give i(h).
7
Let x be ((-1)/3)/(4/(-6)). Let v(m) be the second derivative of -1/6*m**4 + 0 - m - x*m**2 + 1/2*m**3. Determine v(2).
-3
Let j(p) = 3*p**3 + 6*p**3 - 12 - 1 - 5*p**2 - 3*p. Let f(n) = -5*n**3 + 3*n**2 + 2*n + 7. Let s(v) = 11*f(v) + 6*j(v). Give s(4).
-1
Let x(n) be the third derivative of n**9/60480 + n**8/10080 - n**7/1260 - n**6/720 - n**5/60 + 5*n**2. Let l(q) be the third derivative of x(q). What is l(-3)?
2
Let p be 1/(-2) + (-5)/(-2). Let g(r) be the first derivative of -r**4/4 - r**3/3 + r + 87. Determine g(p).
-11
Let q(y) = y + 1. Suppose -m + 6*m - 4*b + 57 = 0, -33 = 3*m - 2*b. What is q(m)?
-8
Let x(a) = 4*a**3 + a**2 - a + 1. Let t(p) = 4*p**2 - p - 2. Let d be t(1). Calculate x(d).
5
Suppose 0 = -2*k - 3*m, -k - 2*k - 3*m = 6. Let p(g) = -3*g - 7. Calculate p(k).
11
Let j(d) = 5 - 7*d**2 - 6*d + 2 - 6 - d**3. Calculate j(-6).
1
Let w be 2 + 1*-7 + -2. Let v = 2 + 5. Let r = w + v. Let t(s) = s**3 + s**2 + s - 7. Determine t(r).
-7
Let x(m) = -m + 1. Let k(a) = a**3 - 8*a**2 + 7*a + 3. Let r be k(7). Suppose -2*o + 2*s - 4 = 0, -3*s + 2*s = -r. Let f = 1 - o. Calculate x(f).
1
Let p = 6 - 6. Let g(a) be the third derivative of 0 + 1/24*a**4 - a**2 + 1/2*a**3 + 0*a. Give g(p).
3
Let s(w) = -w**3 - 2*w**2 - 2. Let q be s(-2). Let r(z) = -z**3 - 5*z**2 - 4*z - 1. Let d be r(q). Let o(v) = -v**2 - 5*v - 2. Determine o(d).
-2
Suppose 2*n - 20 = -3*n. Let r(t) = t**3 - 4*t**2 - 2*t + 6. Give r(n).
-2
Let d be (-4 - (0 + -1))/(3/(-4)). Let b(z) = z**3 - 3*z**2 - z - 1. Calculate b(d).
11
Let s(m) be the first derivative of 5*m**2/2 + m + 17. Give s(-1).
-4
Let p(o) = -o**2 + 3*o - 3. Let u be p(2). Let m(q) = 2*q**2 + 1. Let z be m(u). Let h(r) = -2*r**2 - 2*r - 2 + 3 - r**3 - z. Determine h(-2).
2
Let b(q) = -q + 1. Let n(o) = 7*o - 7. Let h(s) = -5*b(s) - n(s). Determine h(-2).
6
Let j(b) = -b**2 + 8*b - 6. Suppose -7*u + 28 = -3*u. Give j(u).
1
Suppose 0 = -5*x - 5 - 5. Let b be (-2)/3*(x - -5). Let p = 3 - b. Let u(h) = -h. Calculate u(p).
-5
Let y(a) = a + 1. Let d(j) = -j - 2. Suppose -3*w + t = 3*t + 9, -3 = w - 4*t. Let s be d(w). What is y(s)?
2
Suppose 0 = 3*m - 3*f + 6, 0*f + 2*f + 8 = -m. Let h(d) = -d + 4. Calculate h(m).
8
Let r(c) be the second derivative of c**5/20 - c**4/3 + 5*c**3/6 - 3*c**2/2 - 8*c. Give r(3).
3
Let i(v) = -v**3 + 3*v**2 + 8*v + 6. Suppose 3*a + 5 = -4. Let p(m) = -m - 1. Let b(g) = a*p(g) - i(g). Determine b(4).
-7
Let c = -62 + 65. Let s(b) = b**3 - b**2 - 3. Give s(c).
15
Let u(p) = p**3 + 4*p**2 + 3*p + 2. Let y(n) = -n - 2. Let w be y(-1). Let m be 1 + w - (-3 + 0). Suppose b + m = -0*b. Calculate u(b).
2
Let q be (4/5)/((-1)/5). Let b = -9 - q. Let g(j) = -2 + 3*j - j**3 + 0 - 3*j - 5*j**2. Calculate g(b).
-2
Let a(q) be the third derivative of q**6/40 + q**5/30 - q**4/8 - q**3/2 - 6*q**2. Calculate a(-2).
-13
Let h be (6/4)/((-1)/(-2)). Let j(g) = 0 + g**2 + 4 - 1 - 3*g + 0 - g**h. Calculate j(2).
-7
Let r(x) = x**2 + 6*x + 4. Let k(u) = -u - 3. Let p be k(-6). Suppose 18 = p*q + 3. Let h be (0 - -1)/((-1)/q). Calculate r(h).
-1
Let h = 55 - 59. Let u(k) = -6*k - 3. Determine u(h).
21
Let q = -2 + 3. Suppose -q = -3*s - 13. Let r(v) = v**2 + 6*v + 2. Determine r(s).
-6
Let v(l) = -l**3 - 4*l**2 - 5. Let c(g) = 4*g**3 + 1. Let f be c(1). Let w be f*(0 + 12/(-15)). Determine v(w).
-5
Let w be 1/(2/8) - -1. Let j(a) be the first derivative of -2*a**2 - 1 - 5*a - 1/4*a**4 + 2*a**3. What is j(w)?
0
Let a = 110 - 108. Let x(z) = -z**2 + z + 2. What is x(a)?
0
Let v(s) = s + 2. Suppose -5 = 5*c + 5*j, 0 = -c - 5*j - 1. Let u be (c - 0)/((-1)/(-1)). Let f be u + (0 - (2 - 0)). What is v(f)?
-1
Suppose a = -2*a + 3. Let r(d) be the second derivative of -5*d**3/6 - d**2/2 + 4*d. What is r(a)?
-6
Suppose -f = 4*f. Let x be ((-4)/6)/((-12)/36). Let a(w) = -x*w + 3*w - 2*w - 1 + f*w. Determine a(-6).
5
Let z = -15 - -9. Let w(f) = f + 7. Let j be w(z). Let y(i) = -3*i + 8*i - 4*i - j. What is y(4)?
3
Suppose 6*b = -3 - 27. Let m(l) = 2*l + 5. Let t(p) = 1. Let y(h) = m(h) - 2*t(h). Calculate y(b).
-7
Let r(p) = 5*p**3 + 3*p**2 + 5. Suppose 10*s + 12 = 7*s. Let w(i) = 14*i**3 + 8*i**2 + 14. Let v be (2/(-4))/(5/(-110)). Let x(g) = s*w(g) + v*r(g). Give x(-1).
1
Let h(i) be the second derivative of 4*i**4/3 - i**2/2 - i. Determine h(1).
15
Let s be 23/7 + 4/(-14). Let a(f) = f - 5. Let g(z) be the third derivative of -z**4/12 + 5*z**3/3 - 2*z**2. Let w(b) = s*g(b) + 5*a(b). Calculate w(5).
0
Let h be (-106)/22 + (-4)/22. Let v(p) = -2*p - 9. Let t be v(-6). Let r(x) = -7 + x + 3*x - t*x - 2*x. Determine r(h).
-2
Let u(r) be the first derivative of r**5/120 - r**4/12 - r**3 + 1. Let w(m) be the third derivative of u(m). Give w(-3).
-5
Suppose -7*v + 136 = -3*v + 4*g, -3*v + 5*g = -110. Suppose -d + 20 = 4*d, 0 = 3*m + 5*d - v. Let c(w) = w**2 - 5*w + 7. What is c(m)?
7
Let q be 7/3 - (-4)/6. Suppose -5*y = 4*x - q, y - 5*y + 5*x = -27. Let b(g) = 0*g**2 - g**y - 5 - 2*g + 5*g**2 + 0*g**3. What is b(4)?
3
L